(t). Calculate g(-3).
6
Let m(n) = n**3 + 6*n**2 + 3*n - 3. Let w = 28 + -39. Let t(z) = -z - 16. Let s be t(w). Determine m(s).
7
Let x(q) = -5*q - q**3 + 8 - q**2 - 6*q**2 - 2*q**2 + q**2. Suppose 39*n - 37*n + 14 = 0. Calculate x(n).
-6
Let r(c) = 3*c**2 - c + 2. Let a be r(-3). Let o = 32 - a. Let z(u) be the first derivative of -u**2/2 + 6*u + 1. Determine z(o).
6
Let v(n) = -1. Let k(y) = y**3 - 4*y**2 - y - 1. Let t(r) = k(r) - 6*v(r). Let x = 948 - 944. Determine t(x).
1
Let s(h) be the first derivative of 0*h**2 + 2 - 1/4*h**4 + 0*h + 1/3*h**3. Let n = -438 - -436. Calculate s(n).
12
Let v be 27/(-5) - 44/(-110). Let r(y) = -y - 7. Determine r(v).
-2
Let j(t) = -t**2 + 11*t - 3. Let n = 1427 + -1418. What is j(n)?
15
Let b(a) be the first derivative of -a**3/3 + 9*a**2/2 - 10*a + 16. What is b(8)?
-2
Let t(q) be the third derivative of q**4/24 + 5*q**3/2 - 3*q**2. Let v(u) = -u - 14. Let i(b) = 3*t(b) + 4*v(b). Determine i(-9).
-2
Let d be (-1 - 3)/(-1 - 1). Let p(o) be the third derivative of -o**4/24 - o**3/3 - 17*o**2 + 14. Give p(d).
-4
Let j(z) be the first derivative of -2*z**2 - 9*z + 33. Let w be j(-4). Let h(g) = 1 - 7*g + g**2 - 5 - 3. Calculate h(w).
-7
Let v(u) be the first derivative of -5/2*u**2 - u + 9 + 1/3*u**3. What is v(7)?
13
Let w(f) = -f**2 + 4*f + 2. Let z be 50/175 - (80/(-14))/1. Give w(z).
-10
Let x(z) be the first derivative of z**2/2 + 10*z - 1198. Let s(p) = -1 - 1 + p**3 - 3*p**2 - 4*p - 3. Let w be s(4). Give x(w).
5
Let m(g) = g**3 + 2*g**2 - 2*g + 2. Let c = -56 + 32. Let u be 2/8 - (-6)/c. Suppose -27 = 5*f + 4*v, 0*f - 5*f + v - 12 = u. Determine m(f).
-1
Let d(n) = 20275*n**2 - 20276*n**2 - 1 + 1. Give d(-5).
-25
Let q(n) = 4*n**2 + 3*n. Let m(a) = -a**2 - a. Let h(i) = 7*m(i) + 2*q(i). What is h(3)?
6
Suppose -4*p - 8 = -0*p. Let y be (0/(-2) - 2)*10/4. Let z(r) = -2*r - 3. Let f(w) = 4*w + 7. Let i(s) = p*f(s) + y*z(s). Determine i(2).
5
Let m(y) = -2*y**3 + y**2 + 2*y + 3. Suppose 56 = -2*q + 2*s + 62, 3*q - 4*s - 14 = 0. What is m(q)?
19
Let r(u) = -4*u**3 + 9*u**2 + u + 9*u**2 - 1 - 18*u**2. Let m(j) = 0 - 2*j - 3 - j + j**2 + 6*j. Let q be m(-4). Give r(q).
-4
Let r(q) = q**2 + q - 5. Let t(h) = 1 - 1 + 13*h + h**3 - 16*h**2 + 2*h**2. Let c = -73 - -86. Let a be t(c). Determine r(a).
-5
Let y = 137 - 130. Let a(h) = h - 5. Determine a(y).
2
Let s(q) be the first derivative of -q**4/4 - 2*q**3/3 + 3*q**2 + 3*q + 714. Calculate s(-3).
-6
Let g be (-3)/6 + 22/4. Let o(s) be the third derivative of 0*s + 0 - 6*s**2 - 1/120*s**6 - 1/24*s**4 - 1/10*s**g - 1/2*s**3. Give o(-6).
3
Let i(q) be the third derivative of -q**5/4 + 9*q**4/8 + 3*q**3/2 - 4*q**2. Let s(c) = 7*c**2 - 13*c - 4. Let t(m) = 6*i(m) + 13*s(m). Calculate t(3).
-10
Let a(l) = -5*l**3 - 26*l**2 + 12*l - 25. Let j(k) = 3*k**3 + 17*k**2 - 8*k + 16. Let c(x) = 5*a(x) + 8*j(x). Determine c(6).
-21
Let d be (-8)/28 + (-74)/(-14). Let i(m) = -d + 3 - 6*m + 2*m + 5*m. Give i(1).
-1
Let z(a) = 10*a**3 + a**2 - 1. Let n(u) = u**2 - 15*u - 3. Let v be n(10). Let x = 52 + v. Determine z(x).
-10
Let z(w) = 3*w**3 - w**2 + 1. Let o(u) = -3 - 29*u**2 + 5*u - 7*u**3 - 4*u + 31*u**2. Let a(g) = -2*o(g) - 5*z(g). Give a(1).
-1
Let u(i) be the first derivative of -i**3/3 - i + 214. What is u(2)?
-5
Suppose 5*k - 5*w = -10, 0 = 4*k - 6*k + w. Let g(b) = 16*b - 2*b - k - 9*b - 9*b. What is g(2)?
-10
Let i(g) = g + 5. Let f be 0/13*2/(-2). Determine i(f).
5
Let t be ((-8)/3)/((-17)/(-51)). Let r(p) = p**3 + 8*p**2 - 4*p - 9. Give r(t).
23
Let g(m) = m**3 - 11*m**2 + 11*m + 6. Let l be g(10). Let n be (1/(-2))/(8/l). Let a(r) = 1. Let v(d) = 4*d + 3. Let u(h) = 2*a(h) - v(h). Give u(n).
3
Let g = 52 + -51. Let i(n) = 37*n - 1 - g - 38*n. What is i(2)?
-4
Let c(s) = -4*s**2 - 2*s**2 + 1 + 5*s**2. Let t(k) = -10*k + 19. Let a(w) = -11*w + 21. Let x(z) = -4*a(z) + 5*t(z). Let h be x(2). Calculate c(h).
0
Let q(w) = w**3 - 3*w**2 - 3*w - 7. Let s = 975 - 971. Determine q(s).
-3
Suppose 13*x + 371 = 332. Let y(r) = r**2 + r - 5. What is y(x)?
1
Let i(p) = p**2 + 4*p - 5. Let w(y) = 4*y**2 + 2*y - 4. Let q be w(2). Suppose 0 = 5*u - 2*d + 22, -q = 2*u - 3*d + 4*d. Give i(u).
7
Suppose -37 = -5*j + 2*h, -2*j - 4*h + 2 + 8 = 0. Let g(y) = y - 3 + j + 11 - 1. Let q be (0/(-3 + 1))/1. What is g(q)?
14
Suppose 2*m - 7 = -j, 39*m - j = 36*m + 3. Let h(b) = 4*b**2 + 1. Determine h(m).
17
Let i(l) = -l**3 + 3*l**2 + 2. Let z be i(3). Let g = z + 0. Let n(p) = 1 - 103*p + 103*p + p**2. What is n(g)?
5
Let w(k) = 2*k**3 + 9*k**2 - 5*k - 8. Let p(q) = -3*q**3 - 14*q**2 + 7*q + 12. Let b(h) = 5*p(h) + 7*w(h). Determine b(-6).
-32
Let b(z) = 5 - 3 - 5*z + z + 3. Let k be 2/(-9) - 94/(-18). What is b(k)?
-15
Let w(s) be the third derivative of -s**5/60 - s**4/8 + 10*s**2. Let q(j) = j**3 + 6*j**2 - 8*j - 7. Let b be q(-7). Let c(h) = h - 3. Let t be c(b). Give w(t).
0
Let b(w) = 293 - 6*w + w**2 + 0*w**2 - 295 - 2*w**2. Determine b(-5).
3
Let v(d) = 13*d - 2. Let z(l) = 11*l - 3. Let p(t) = -5*v(t) + 6*z(t). Calculate p(8).
0
Let h(a) = -a**2 - 2. Let y be 1/((-2)/17 + (-21)/(-34)). What is h(y)?
-6
Let z(n) = 5 + 35*n**2 + 7 - 9*n - n**3 - 19*n**2 - 7*n**2. Calculate z(8).
4
Let a be 70/3 + 1/(-3). Let b(d) = 6*d + 10. Let r be b(3). Let z = a - r. Let k(t) = -t**2 - 7*t - 7. Determine k(z).
3
Let z(x) = -x**2 - 6*x + 3. Suppose -30*f - 285 = -405. Calculate z(f).
-37
Let p = 244 + -237. Let f(j) = -j + 6. Determine f(p).
-1
Let v(k) = k**2 - 5*k + 6. Let u be -6 + 3/(-3) - -12. Calculate v(u).
6
Let u(r) = -r**3 + 3. Let l = 966 + -963. Give u(l).
-24
Let h(w) = -71*w + 34*w - 35 + 33*w + 35. Give h(-2).
8
Let i(v) = 2*v**2 + 3*v. Suppose -5*m + 8 = -9*m. Let f be i(m). Let t(w) = f*w**2 + 4 - w**2 - 1 - 4 - 7*w. Calculate t(6).
-7
Suppose 5*t - 7*t + 22 = 0. Suppose z + 7 = t. Let j(v) = v - v - 5 + z - v. What is j(-6)?
5
Let p(l) = -10 - 598*l - 2*l**2 - 606*l + 1190*l. Calculate p(-7).
-10
Let w(y) = y**3 - 6*y**2 - 4. Let u(b) = -b**3 + 6*b**2 + 5. Let m(d) = 4*u(d) + 3*w(d). What is m(6)?
8
Let f = 95 + -93. Let r = -1 + 5. Suppose r*h = -5*u + f - 1, 4*u = 4*h + 44. Let z(o) = o**3 + 6*o**2 - 2*o - 3. Give z(h).
9
Suppose 30*w + 28*w = 348. Let n(f) = -f**3 + 6*f**2 - f + 2. Determine n(w).
-4
Let d(o) = -6*o + 14. Let z = 2690 - 2688. Calculate d(z).
2
Let r(f) = -19*f + 1. Let h(n) = -35*n + 3. Let l(t) = -6*h(t) + 11*r(t). Give l(-5).
-12
Let x(m) be the second derivative of 0 - 1/2*m**2 - 1/2*m**3 + 23*m. What is x(1)?
-4
Let t be (-91)/(-42) + 1/(-6). Suppose -t*p + 7*p = -15. Let j = p + 2. Let b(g) = -4*g + 1. Calculate b(j).
5
Let r(x) = -x**2 + 7*x - 6. Suppose -5*m + 7 = s, -2*m - 1 = 4*s - 29. Determine r(s).
-6
Let r = 153 + -113. Let v(b) = 4*b - 6. Let y be v(-5). Let t be (-8)/r - y/5. Let l(g) = -g**3 + 4*g**2 + 6*g - 7. Determine l(t).
-2
Let n(g) = g + 1. Suppose 6*o - 36 = -0*o. Suppose -2*k + 5 = 2*s - 3*k, -3*s = 3*k + o. Give n(s).
2
Let l(r) = 6*r + 23. Let h(s) = -11*s - 45. Let c(n) = -3*h(n) - 5*l(n). Give c(-6).
2
Let d(f) = -3*f**2 - 3*f + 3. Suppose 5*o - 18 = 2*p, 0 = -2*o + 3*p - 2 + 18. What is d(o)?
-15
Let f = 9 - 8. Let c(v) = -3*v**2 + 2*v + 1. Let a be c(f). Let l(w) = w**2 + 6. Calculate l(a).
6
Let n be (-5 + 1)/(8/16). Let i be ((-7)/14)/((-2)/n). Let t(s) = -4*s**2 - 3*s - 1. What is t(i)?
-11
Let s(j) = -8 + 6*j + 1 + 9 - 3*j**2 + j**3 + 8*j**2. Let r be (-30)/(-10) - (1 - -6). Give s(r).
-6
Let c(k) be the third derivative of k**4/24 + k**3/2 + 138*k**2. Give c(-7).
-4
Let r = 277 + -275. Let t(w) be the second derivative of 5*w**3/6 - w**2/2 - 3*w. Determine t(r).
9
Let r(t) = -t + 5. Let w(n) = -3*n + 15. Let j(c) = 7*r(c) - 2*w(c). Let d(u) = 1. Let k(s) = 3*d(s) - j(s). Calculate k(7).
5
Let f(c) = 2*c**2 + 2*c - 8. Let q(l) be the second derivative of -l**4/6 - l**3/3 + 7*l**2/2 - 11*l. Let b(i) = -6*f(i) - 7*q(i). Determine b(1).
3
Suppose 0 = 3*i + 3*x - 240, -i - 7*x + 2*x + 64 = 0. Let s be i/35 - (-4)/(-10). Let b(d) = 5*d**s - 2*d - 3*d**2 - d**2. What is b(4)?
8
Suppose 0*q - 5 = 5*q, -z = -4*q - 3. Let x be (-22)/((z - 0) + -1). Let w = x + -12. Let r(u) = 6*u**3 + u + 1. What is r(w)?
-6
Let j(p) = -p**3 + 5*p**2 - 2*p - 2. Let w be 3/15 - 57/(-15). Suppose -3*l - 2 + 9 = -w*s, -5*l + 5*s = -15. Determine 